is the units digit of v?
8
Let g(t) = 20*t - 4. What is the hundreds digit of g(8)?
1
Let j = 30 + -20. Suppose -5*k + 3*k = j. Let y(w) = -w**3 - 5*w**2 - 3*w - 6. What is the units digit of y(k)?
9
Suppose 5*m - 4*m = -5*n + 40, 5*n - 40 = m. What is the tens digit of n/24 - (-35)/3?
1
Let o = -7 + 14. Suppose k + o = 17. What is the tens digit of k?
1
Suppose -c = 9 - 3. Let k(m) be the second derivative of -m**3/6 + 4*m**2 - 4*m. What is the tens digit of k(c)?
1
Let x(j) be the second derivative of j**4/12 + j**3/2 - 2*j**2 - 4*j. Let n be x(-4). Suppose t = 4*k - 1, -3*k = -n*t - 3*t + 42. What is the tens digit of t?
1
What is the units digit of (6/5)/(3/(690/4))?
9
Let x(r) = 7*r**3 + 3*r + 2. Let o be x(-1). What is the tens digit of 4/(o/6) - -22?
1
What is the tens digit of (18/(-15))/((-9)/((-1530)/(-4)))?
5
What is the units digit of (13/39)/(2/30)?
5
Let v = -3 - -11. Suppose 9 = m - v. What is the units digit of m?
7
Suppose -4*o - 2*l = 3*l + 316, -4*l + 352 = -4*o. What is the tens digit of ((-5)/(-3))/((-7)/o)?
2
Let f(j) = 94*j - 4. What is the units digit of f(1)?
0
Suppose -2*x = m - 0*x - 8, 17 = m + 5*x. Suppose 0 = -4*f + m*l + 68, 0 = -f - 3*l + 6*l + 12. What is the units digit of f?
8
Let b = -12 + 24. What is the units digit of b?
2
Let j(x) be the first derivative of -x**4/4 - 2*x**3 + 7*x**2/2 + 5*x + 1. Let q be -1*8 - -2 - 1. What is the units digit of j(q)?
5
What is the units digit of (2/(-8) - (-765)/(-20))*-2?
7
Let k(n) = -18*n - 10. What is the tens digit of k(-3)?
4
Let f = -14 - -47. Let h = f + -15. Suppose 4*s = 2*y - h, -2*y - 5*s = -3*s - 30. What is the units digit of y?
3
Suppose 4*q + 5*v = -18, -3*q - 4*v = 1 + 13. Let d(l) = -9*l - 6. What is the tens digit of d(q)?
1
Let i(a) = -a**3 + 6*a**2 - 4*a - 1. Let c be i(5). What is the tens digit of c + -1 + 0 + 18?
2
Let j = -3 + 13. Suppose 2 - j = 4*d. What is the units digit of (-6)/(-9)*(28 - d)?
0
Let z be ((-8)/6)/((-3)/63). Let k = -17 + z. Suppose -2*m + 14 = 5*o, -17 = -4*m + o + k. What is the units digit of m?
7
Let w = -24 - -24. Suppose w = 3*m - 4*m + 31. What is the tens digit of m?
3
Let f(h) = 3*h + 3. Let g be f(4). Suppose -3*z + g + 12 = 0. Suppose 2*d - z = -d. What is the units digit of d?
3
Suppose -a - 176 = -5*u, u - 3*a = -3*u + 132. Suppose -u = -2*l - l. What is the tens digit of l?
1
Suppose 17 = -t - 2*t + 2*y, -5*y + 15 = -2*t. Let r = 7 + t. Let m = 9 - r. What is the units digit of m?
7
Suppose 3*c - 11 = -5. Suppose -22 = 3*v + 20. What is the units digit of c/(-7 + 3)*v?
7
Let t = -47 + 83. What is the tens digit of t?
3
Let t(v) = -4*v + 2. Let r be t(-2). Let i(l) = l**2 - 9*l - 11. Let d be i(r). What is the units digit of (-2 - -5)*d + 18?
5
Suppose 0*a - 55 = -a. What is the tens digit of a?
5
Let l = 14 - -16. Suppose 0*h + 2*h - l = 0. What is the units digit of h?
5
Suppose -4*m - 4 = -6*m. Let k(c) = 6*c + 1. Let x be k(m). Let q = x - -4. What is the tens digit of q?
1
Let r(n) = -n + 21 - 4*n**3 - 2*n**3 + 5*n**3. What is the units digit of r(0)?
1
Let o(d) = d**2 - 7*d + 7. Let u be o(5). Let v(l) = l**2 + 3*l. Let w be v(-6). What is the tens digit of -2 - (u - -4 - w)?
1
What is the units digit of (-1)/(-4) - (-222)/8?
8
Suppose 3 - 8 = -n. Suppose 25 = -3*f + 2*t, -n*t - 18 = 4*f - 0*t. Let m = f - -15. What is the units digit of m?
8
Let r(t) = -t - 5. Let u be r(-7). Let w be (3/u)/((-3)/8). Let i = 12 + w. What is the units digit of i?
8
Suppose -2*q - 20 = -4*g, 0*q - 14 = -5*g - 3*q. Suppose -g*a + a + 12 = 0. What is the units digit of a?
4
Suppose m - 5 = 26. What is the units digit of m?
1
Let p(a) = -a**2 + 35*a - 60. What is the units digit of p(24)?
4
Suppose 4*a + 1 + 11 = 0. Let w be 2 + -1 + (-6)/a. Suppose -13 = -4*y + w. What is the units digit of y?
4
Suppose -h + 182 = 2*o, o + 48 = 4*h - 689. What is the units digit of h?
4
Suppose -2 = -y, 3*t - y - 3 = -2*t. Suppose -3*g = -a - 8, -4*g + 5 = -2*a - t. Let v = -4 + a. What is the units digit of v?
3
Let v(w) = w + 1. Let p be v(-7). Let g = 15 + p. What is the units digit of g?
9
Let d = -184 + 262. What is the tens digit of d?
7
Let a(f) = f**2 + 13*f + 8. What is the units digit of a(-13)?
8
Let v(k) = 2*k**2 - 6*k + 1. What is the units digit of v(3)?
1
Suppose 0 = -3*c - 5*d - 38, 0 = -4*c - 2*d + 5*d - 41. Let m = c - -20. What is the units digit of m?
9
Suppose -2*s + 2*n + 48 = 0, s + 4*n = 47 - 3. Let j = s - 8. What is the units digit of j?
0
Let b = 193 + -77. What is the tens digit of b?
1
Suppose 4*b - 3*b = 5*u + 18, 0 = -b - 2*u - 3. Suppose 0*z - 4*v = -b*z + 154, 0 = 3*v - 6. What is the units digit of z?
4
Let b be (3 - -125)*1/(-2). Let k = -21 - b. What is the units digit of k?
3
Let r = -25 - -37. Suppose -4*q + q + r = 0. What is the units digit of q?
4
Let j(y) = y**3 + 8*y**2 - y - 10. Let q be j(-8). Let d be (0 - 1)/(q/6). Suppose -2*m = 4*x - 6, -2*m - d*x + 7 - 2 = 0. What is the units digit of m?
1
Let i be ((-4)/(-3))/((-3)/9). Let o = 5 + i. What is the units digit of o?
1
Let q = -5 + 3. Let u = q - -5. Suppose 2*m + 4*w - u = -7, -3*w + 9 = 3*m. What is the units digit of m?
8
Suppose 5*v = -2*j + 22, 3*j + 3 = v + 19. Suppose -3*m - j = -66. What is the units digit of m?
0
Let z(q) = 33*q - 1. What is the units digit of z(2)?
5
Let a = -1 - -3. Let i = 1 + a. What is the units digit of i?
3
Suppose b - 3*w = 46, 0*w = -2*b + w + 102. Suppose -g + 6 = -16. What is the units digit of g/26 - (-8)/b?
1
Let n be 4 - 1 - (-2)/(-2). Suppose -120 = n*m + 40. What is the units digit of (m/(-28))/((-2)/(-7))?
0
Let n = -3 - -4. What is the units digit of -1 - (2/n + -14)?
1
Let q(c) = -c + 2. Let h be q(-5). Suppose 4*z = 2*u + 102, 2*z + h = -3*u + 38. What is the tens digit of z?
2
Let k = -48 + 54. What is the units digit of k?
6
What is the units digit of -4 + (4 + -300)/(-4)?
0
Suppose -3 - 5 = -2*s. Let u = 5 - 3. Suppose u*w - 8 = s. What is the units digit of w?
6
Suppose 3 = -4*c + 15. Suppose 0 = -0*p - c*p + 45. What is the units digit of p?
5
Suppose 0 = 4*q + q. Suppose 0 = -q*m + 3*m - 39. What is the tens digit of m?
1
Let v be (23 - 11)*1/4. What is the units digit of 2/(-3)*-15 + v?
3
Suppose -6*i + 197 = 65. What is the tens digit of i?
2
Let s(f) be the first derivative of f**4/4 - 2*f**3 - 7*f**2/2 + f - 2. Let p be (4/(-6))/(2/(-21)). What is the units digit of s(p)?
1
Let t be 9/((-3)/(-4)*2). Suppose 0 = 2*d + t - 2. What is the units digit of (-21)/d + (-2)/4?
0
Suppose -4*t + 56 = -3*w, -4*t + 5*t + 5*w = -9. Suppose 0 = -z + t + 5. What is the units digit of z?
6
Suppose 0 = n - 5*n. Let i = 1 + n. What is the units digit of i?
1
Suppose 4*n = 73 + 87. Let i = -29 + n. What is the units digit of i?
1
Let h(k) be the second derivative of k**3/3 - 2*k**2 - 4*k. What is the units digit of h(4)?
4
Let n = 31 - 15. What is the units digit of n?
6
Suppose 3*s - 2*s - 3*p + 8 = 0, -5*s + 3*p - 4 = 0. What is the units digit of s - 2 - (1 + -3)?
1
Suppose -3*p - p = -5*m - 451, -5*p + 4*m = -566. Suppose -4*a = -a - p. What is the units digit of a?
8
What is the units digit of 29 - 10/15*-3?
1
Let m(l) = -l**2 - 11*l - 1. Suppose 22 = -5*v - 18. What is the units digit of m(v)?
3
Suppose -3*w = -0*w - 5*c - 213, 5*w + c - 355 = 0. What is the units digit of w?
1
Suppose 26*c = 22*c + 504. What is the hundreds digit of c?
1
Suppose -5*u + 3*y = -360, 3*u - 2*y - 3*y = 216. What is the tens digit of u?
7
Suppose 8*f = 9*f - 297. What is the hundreds digit of f?
2
Let f(h) = h + 8. Let m be 2/(-4) + 21/(-6). What is the units digit of f(m)?
4
Suppose -5*l = -2*l - 27. What is the units digit of l?
9
Let k(i) = -21*i + 21. Let q(b) = -10*b + 10. Let d(y) = -3*k(y) + 7*q(y). What is the units digit of d(-5)?
2
Let j(s) = -s**3 + s**2 + s - 1. Let u(a) = -5*a**3 - a**2 + 11*a. Let d(z) = 4*j(z) - u(z). Let o be d(-6). What is the tens digit of (o - (3 + -2)) + 11?
1
Let h(l) = 2*l + 1. Let t(n) = 10*n + 4. Let v(p) = 28*h(p) - 6*t(p). What is the tens digit of v(-7)?
3
Suppose 4*w - s = 36, -4*w = -3*s - 22 - 14. What is the units digit of w?
9
Let h(y) = -y - 1. Let x(s) = 12*s + 18. Let t(m) = 90*h(m) + 5*x(m). What is the tens digit of t(-1)?
3
Let h(m) = -m**3 + 15*m**2 - 21*m - 2. What 